on factor of 14 and f.
14
Suppose 24 = -5*p - 1, 81 = 3*j - 3*p. Calculate the highest common factor of j and 165.
11
Let x be (-1)/(-2) + (-13)/(-2) + 3. Calculate the highest common factor of 70 and x.
10
Let i(j) = -j**3 - 10*j**2 + 8*j - 4. Let g be i(-11). What is the highest common divisor of g and 29?
29
Let j be 298/4 + 5/10. Suppose z + j = 4*z. Calculate the highest common divisor of z and 5.
5
Let s be ((-9)/4)/((-252)/3696). Suppose -10 = -n + 1. Calculate the highest common divisor of n and s.
11
Let x be 14 + -2 + 1 + -2. Let w = x + -5. What is the greatest common factor of w and 15?
3
Let p be ((-6)/9)/(1/(-3)). Suppose -p*s = 3*s - 55. Suppose 4*g = 5*y - 90, 0*y - 5*g = y + s. Calculate the greatest common factor of y and 56.
14
Suppose 0*f = -f + 2. Suppose -f*x - 320 = -5*r, -r + x + 0 = -61. What is the greatest common factor of 44 and r?
22
Let z be -2*(1 + 6)*-4. What is the greatest common factor of z and 84?
28
Let o be (72/108)/((-2)/(-105)). Calculate the highest common factor of 5 and o.
5
Let d(s) = -s**2 + 18*s - 32. Let u be d(15). What is the greatest common divisor of u and 78?
13
Suppose 3*c - m - 31 = 0, 3*c - 3*m - 38 = 1. Let f be (-600)/(-16) + 6/(-4). Let s be 6/27 - (-3232)/f. Calculate the greatest common factor of s and c.
9
Suppose -5*s + 33 = -2*s + 3*a, -10 = 2*a. Let j = -15 + s. Calculate the greatest common factor of j and 11.
1
Let n = 21 + -30. Let q(j) = -j**2 - 11*j - 6. Let i be q(n). Calculate the highest common divisor of 6 and i.
6
Let o(d) = d**3 - 8*d**2 + d + 4. Let w be o(8). Calculate the greatest common divisor of 84 and w.
12
Let j = -48 - -58. Calculate the highest common factor of j and 70.
10
Suppose 0 = -f - 0 + 17. Let u = f + 3. Let v = 0 + 5. What is the greatest common divisor of u and v?
5
Let z = 12 + -7. Let f = -14 - -19. What is the highest common factor of z and f?
5
Suppose -u + 0*u - 4*y = -12, 3*u = -2*y + 46. What is the highest common factor of 208 and u?
16
Let p(y) = 22*y**2 + 3*y. Let x be p(3). What is the greatest common factor of 23 and x?
23
Let f = 119 - 53. Calculate the greatest common factor of f and 6.
6
Let s be -1 + 1 + -1 + 21. Let o(t) = -t**2 - 5*t + 1. Let x be o(-4). Let f(j) = -j + 15. Let n be f(x). Calculate the highest common divisor of s and n.
10
Let n(l) = -4*l + 1. Let u be n(-3). Let r(s) = -119*s - 2. Let v be r(-1). Calculate the highest common factor of v and u.
13
Let y(h) = 2*h**2 + h + 5. Let c be y(-4). Let l = -3 + c. Calculate the greatest common factor of l and 20.
10
Let k(i) = -i + 12. Let l be k(-5). Calculate the highest common divisor of 85 and l.
17
Suppose -5*z = 4*d - 148, -2*z - 3*d + 10 + 52 = 0. What is the greatest common factor of 4 and z?
4
Suppose 0 = -3*k + k + 20. Let p(w) = w**2 - w - 2. Let f be p(-2). Let v be 30/(2/f - -1). Calculate the highest common divisor of v and k.
10
Let k(z) = 2*z - 12. Let v be k(7). What is the highest common factor of 8 and v?
2
Suppose 0 = -15*p + 13*p + 270. Calculate the highest common divisor of 30 and p.
15
Let w be 25 - 0/(0 + 3). Suppose -v + 6*v = w. Suppose 12 = -2*j - 2*j, 0 = -v*g - 2*j + 669. Calculate the highest common factor of g and 15.
15
Suppose 5*y = -q + 15, -y - 29 = -0*q - 3*q. Suppose 2*c = c + 10. What is the highest common factor of q and c?
10
Suppose -4*h + 20 = c, 3*c + c - 5*h = -4. Let r = 11 - 7. What is the highest common divisor of r and c?
4
Suppose -3*l + l + f + 461 = 0, -4*l - 5*f + 929 = 0. Calculate the greatest common factor of 21 and l.
21
Let a be 9/12 + 63/12. What is the highest common divisor of 3 and a?
3
Suppose 12 + 47 = w + 5*d, 0 = 4*w - d - 173. Suppose -36 - 12 = 2*h. Let f = -13 - h. Calculate the highest common divisor of w and f.
11
Suppose v - s - 8 = 0, -2*v + 28 = 2*v - 5*s. What is the greatest common divisor of 204 and v?
12
Let p be -1 + 7 - 10/5. Suppose -120 = -p*b + b. Calculate the highest common divisor of 5 and b.
5
Let c = -1 + -4. Suppose 0*a - 3*a = 0. Let y = a - c. Calculate the highest common factor of 10 and y.
5
Let t(v) = 2*v - 1. Let o be t(2). Suppose o*h + h = 196. Calculate the greatest common divisor of h and 7.
7
Suppose m - 4*y + 19 = -0, 2*m = -3*y + 6. Let k be -1 + -3 - (-9)/m. Let z = k - -10. What is the highest common factor of z and 9?
3
Suppose 4*d = d + 21. Calculate the highest common divisor of d and 14.
7
Let b be 101*(1 + 0) + (-2 - 0). Calculate the highest common factor of b and 9.
9
Suppose 0 = -4*v - 0*v + 72. Suppose 5*d - 4*d + b = -2, -b + v = -4*d. Let g = 95 - d. What is the greatest common factor of g and 11?
11
Let p(s) = s**3 + 10*s**2 - 7*s + 5. Let k be p(-10). Suppose -4*d - k = -5*h + d, -4*h + 74 = 3*d. What is the greatest common divisor of 153 and h?
17
Let r = 46 + -32. What is the highest common divisor of 28 and r?
14
Let t(p) = -5*p - 46. Let i be t(-10). Calculate the greatest common factor of 1 and i.
1
Suppose 0 = 2*a + 3*a + 565. Let m = a - -159. Calculate the greatest common divisor of m and 23.
23
Suppose -5*v + 80 - 5 = 0. What is the greatest common factor of 135 and v?
15
Let k be 4/(-14) + ((-6080)/7)/(-2). What is the highest common divisor of 62 and k?
62
Let n(i) = i + 8. Let m be n(16). What is the greatest common divisor of 8 and m?
8
Suppose 0 = d - 1 - 4. Let c(p) = -p + 2. Let s be c(0). Let x be s/d - 116/(-10). What is the greatest common factor of x and 30?
6
Suppose -5*a + 0*a + 4*o = -102, -3*a + 4*o = -58. Let z = 54 - a. Calculate the highest common divisor of 4 and z.
4
Suppose -4*i - 4*n + 220 = 0, 3*i - 128 = 4*n + 16. Let s = -12 + 25. What is the highest common factor of i and s?
13
Let u = 1 + -1. Suppose -3*g + 24 = -u*g. Let v be 33 + 4/(-4)*1. Calculate the highest common divisor of v and g.
8
Suppose -6*z + 352 = -4*z. What is the greatest common divisor of 16 and z?
16
Suppose 5*b - 5 = 0, g = 3*b + 32 + 4. What is the greatest common factor of 117 and g?
39
Let f(p) = 2*p**2 - 6*p + 1. Let c be f(4). What is the highest common divisor of c and 45?
9
Suppose 2*j - 6 = -2*o - 0*j, 4*j + 8 = 0. Suppose -33 = o*d - 158. What is the highest common divisor of 10 and d?
5
Let j(o) = o**3 - 21*o**2 + 20*o + 4. Let l be j(20). Calculate the highest common divisor of l and 20.
4
Let z be (-1005)/(-7) - (-6)/14. Calculate the highest common divisor of z and 16.
16
Suppose -4*f = n - 88, -n - f + 197 = n. Calculate the highest common divisor of n and 25.
25
Let p = 17 - 15. Suppose -31 = -p*d + 113. What is the highest common factor of d and 8?
8
Let d(j) = -503 + 503 + 3*j. Let r be ((-1)/(-2 + 1))/1. Let z be d(r). Calculate the highest common factor of 3 and z.
3
Let f(p) = p - 6. Let v be f(11). Calculate the highest common factor of v and 40.
5
Let l(k) = -k + 18. Let o be (-3)/(-12) + 5/(-20). Let g be l(o). What is the highest common factor of g and 126?
18
Let l(a) = -8*a - 12. Let y be l(-4). What is the greatest common factor of y and 50?
10
Let t be 6/(-1)*(-10)/15. Let j(n) = -n**2 - 5*n - 3. Let h be j(-3). Let q be h/(-15) + 21/5. Calculate the highest common factor of t and q.
4
Suppose 0 = z + 1. Let k be z - ((-36)/1)/2. What is the greatest common divisor of 119 and k?
17
Let o = 26 - -8. Calculate the greatest common factor of 51 and o.
17
Let s(u) = -6*u - 1. Let j be s(-1). Let t = 5 + j. Calculate the highest common factor of t and 50.
10
Suppose -24 = t - 5*t. Let v be (-3 - -43 - -1) + (0 - -1). What is the greatest common factor of t and v?
6
Suppose 8 = 2*n + 2*n. Suppose 6 + n = -4*v. Let f = v - -9. What is the greatest common divisor of 14 and f?
7
Suppose -2*p + p + 4 = 0. Let g be 1/p - 285/(-12). Suppose 0 = s - g - 10. What is the highest common factor of 51 and s?
17
Let s be (-58 + -2)*12/27*-3. What is the greatest common divisor of 60 and s?
20
Let a = 21 + -18. Suppose m + m = 420. Suppose -5*y = -a*d - 706, -5*y + m = d - 508. What is the greatest common divisor of y and 13?
13
Suppose -3*m = 5*k + 125, k + 3*m + 25 = -m. Let l = -16 - k. Calculate the highest common factor of 45 and l.
9
Suppose -j + 4 + 11 = 0. Let p = 32 - -73. What is the greatest common divisor of j and p?
15
Let y be (10/8)/((-2)/(-72)). Let u be 17/(-6)*-3 - 1/(-2). Calculate the greatest common factor of y and u.
9
S